lse
Let c(k) = 961*k**2 + 30*k + 319. Is c(-12) a composite number?
True
Let f = 0 - -2. Suppose -3279 = -f*k - z, 5*k + 3*z + 2*z = 8195. Suppose 201 = 7*b - k. Is b a prime number?
True
Let a(p) = -974*p**3 - 37*p**2 - 202*p - 28. Is a(-5) composite?
True
Let k be (-372)/1*(-48)/(24/6). Suppose -3*a = -3*g + k, 8*g - 5*a = 4*g + 5951. Suppose -g = -2*n - 307. Is n a composite number?
True
Let b = -227384 - -420957. Is b a composite number?
False
Suppose 0 = 5*b + 4*l - 1544523, 48*l - 51*l = -21. Is b a prime number?
True
Let z = 1378441 - 811388. Is z a prime number?
True
Suppose 11*u = 97641 - 21367. Suppose 22679 + u = 3*q. Is q prime?
True
Let w(n) = 13617*n + 3632. Is w(66) a prime number?
False
Let u(h) = -h**3 - 18*h**2 + 2*h + 16. Let b be u(-18). Is (2 - b/(-4)) + 68*8 prime?
True
Suppose 14*d + 75*d + 11748 = 0. Suppose 3*f + 3*x - 1719 = 0, -3*x = 4*f - 2*f - 1144. Let v = f + d. Is v a composite number?
False
Let k(u) = 98*u**3 - 14*u**2 + 92*u - 43. Is k(7) prime?
True
Suppose -12336 - 25288 = 8*g. Let d = -2919 - g. Suppose 3*w + 9 = 0, -3*r + d = 2*r - 3*w. Is r prime?
False
Suppose -29*x = -41*x + 156. Suppose 0 = -5*n - 2*a + 29759, -9*n = -x*n - 5*a + 23797. Is n a prime number?
True
Let x be 12/(-12) + 6 + -2. Let a(c) = 129*c**2 + 2 - 7*c + 5*c - 3. Is a(x) prime?
False
Let i(w) = -w - 2. Let l be i(-2). Let h = -7677 - -14662. Suppose 5*z - h = -5*r - l*z, 3*r = -2*z + 4195. Is r prime?
False
Is (-8)/(-6)*27/72*-7762*-2 prime?
False
Let c(d) = d**3 + 34*d**2 - 37*d - 85. Let h be c(-35). Let i(a) = a**3 + 5*a**2 + 2*a + 6. Let v be i(-5). Is 3*((-12515)/h - v) a prime number?
False
Let r(v) = 4*v**2 + 98*v - 2195. Is r(58) prime?
False
Let v(y) = 28*y**2 - 31*y + 2. Suppose -15 = -2*j - a, 0*j + 2*a + 34 = 4*j. Is v(j) prime?
False
Let l = -292 + 117. Let b = 228 + l. Is b a prime number?
True
Let l(k) = -41 + 34 - 3*k**3 + 4*k**3 + 9*k**2 + k. Let a be l(-6). Suppose x - 54 = a. Is x prime?
True
Let m(k) be the second derivative of 10663*k**4/12 + 2*k**3/3 + k**2 - 25*k. Is m(-1) a composite number?
True
Let z(x) = 7 + 6 - 15 + 226*x. Let i(y) = 227*y - 4. Let n(v) = 5*i(v) - 6*z(v). Is n(-5) composite?
False
Let n = 13347 - 10390. Is n composite?
False
Let l(k) = -39*k**2 + 40. Let q(o) = 78*o**2 + o - 81. Let y(i) = 5*l(i) + 3*q(i). Is y(8) a prime number?
True
Suppose -31*f + 60 = -29*f. Suppose 3 = f*y - 29*y. Suppose 0 = -y*d - 5*c + 23 + 79, 0 = -2*d + c + 81. Is d composite?
True
Let g = -467098 - -788699. Is g a prime number?
False
Suppose w + 17*m = 19*m + 79175, w - 5*m = 79166. Is w prime?
True
Let v = 114824 - 75739. Is v composite?
True
Suppose -6*r = 43 - 91. Suppose -22 - 2 = -r*v. Suppose 5*k - j - 3369 = 0, 1334 = 2*k + v*j - 0*j. Is k composite?
False
Suppose -2*h + 646 = -5*w, -8*w + 3*w + 1352 = 4*h. Suppose 133 + 101 = -9*v. Let p = h + v. Is p a prime number?
True
Let r = 72 + -66. Let t be 13 - r/2*1. Is (6 - 65/t) + (-291)/(-2) prime?
False
Suppose 2*r - 45 = -9*y + 4*y, 0 = -3*y + 15. Let m be 3/5 + 74/r. Suppose m*w - 2765 = 3*w. Is w composite?
True
Let o be 93/(-13) - 38/(-247). Is (o - -8) + (-38292)/(-4) a prime number?
False
Let q = -77 + 79. Let h be q - 2 - (18/(-2))/3. Is (-1 + h)/(1 - (-1371)/(-1373)) composite?
False
Suppose 800 = -6*j + j. Let n = -3986 + 3593. Let o = j - n. Is o composite?
False
Suppose -5*q - 16 = -21*q. Is (-4)/4 + (2 - q) - -521 prime?
True
Let b(l) = l + 5. Let v be b(-7). Let h(f) = -187*f**2 - 2*f - 5. Let d be h(v). Let t = d - -1236. Is t prime?
True
Let c(m) = -10922*m**3 - 3*m**2 - 15*m - 11. Is c(-2) a prime number?
True
Let k be ((-18)/4)/(32/40256). Let m = -3692 - k. Is m composite?
True
Let g = 10190 + -909. Suppose -g - 6184 = -15*s. Is s a prime number?
True
Let u(n) = 33*n**2 - 364*n + 20. Is u(-51) a prime number?
True
Let o be (2904/6)/(1/(-2)). Let l = 689 - o. Is l a prime number?
True
Suppose -9 = -9*s + 9. Let h(v) = 182 + 512 + 297 + s*v. Is h(0) prime?
True
Suppose 2*t + 12 = 5*t. Is 4 + t/4 + 5430 prime?
False
Suppose -5*j - 1379 = -2874. Is j prime?
False
Let v = 148021 - 62882. Is v prime?
False
Suppose 5*f - o + 23 = 306, -o = -2. Suppose -f*h - 3353 = -58*h. Is h prime?
False
Is 3/((-70)/(-138495)*(-18)/(-4)) composite?
False
Suppose -38*u + 6*u - 3106784 = 0. Let k = -62420 - u. Is k composite?
False
Suppose 3*j - 5*j = 2*h - 5124, 5*j = -3*h + 12806. Let r = -937 + j. Is r a prime number?
False
Let j(w) = -w**3 - 4*w**2 - 19*w - 6903. Let l(o) = 2*o**3 + 9*o**2 + 39*o + 13807. Let c(y) = -9*j(y) - 4*l(y). Is c(0) a prime number?
True
Suppose 159 - 111 = 6*u. Suppose t = -5*k + 5196, u*k = 3*k - 3*t + 5198. Is k composite?
False
Let b = 37 + -33. Suppose 2*i + q - 8 = 0, -b*i - q + 6*q = 12. Is i/(-5) - (-3009)/85 prime?
False
Suppose -5*r - 2*u + 38420 = 0, 30723 = 4*r + 2*u - 3*u. Let p = r + 527. Is p a composite number?
False
Suppose -6609644 = -5*i + x, 4*i - 5*x - 3946535 - 1341218 = 0. Is i prime?
True
Let y(v) = -1036*v - 34. Let j(b) = -345*b - 11. Let t(c) = -16*j(c) + 5*y(c). Let f be t(-2). Is (-3 + -2)*(2 + f - 1) composite?
True
Let h(i) = 13 + i**2 - 2 - 7*i - 5 + 4. Let f be h(5). Let p(z) = -z + 211. Is p(f) prime?
True
Suppose -27 = 58*j - 85. Is 2892 + 11 + (-1)/(j/6) composite?
False
Let i(m) = 14*m**2 - 23*m + 49. Is i(-62) a prime number?
True
Is (327/(-3) + -2)/(-2*(-60)/(-115880)) composite?
True
Let l(w) = 6*w**2 - 8*w + 84. Let i be l(44). Suppose -2*t + 35166 = -i. Is t a prime number?
False
Let d(q) be the third derivative of -259*q**6/120 + q**5/60 + q**4/6 + q**3/2 - q**2. Let n be d(-1). Let p = n + 374. Is p composite?
True
Suppose -17*j - 1068264 = -60*j + 9533687. Is j prime?
True
Let i = 6078 + -2988. Suppose 5*d + i = -245. Let a = 1158 + d. Is a composite?
False
Suppose 0 = h - 3*z + 16 + 8, -3*z = -4*h - 69. Is 23810/(-6*5/h) a prime number?
False
Suppose 0 = -2*x + 2*y + 6, 5*y = -x - 4 + 13. Is (6 + 3110/8)*x a prime number?
True
Suppose -2*c + 157903 = l, -676*l + 678*l = -2*c + 157900. Is c prime?
False
Let i(f) = -f**2 + 6*f + 3. Let o be i(-2). Is o*(15/10 - 61/2) composite?
True
Let x = 39014 + -18744. Suppose 20*s - 30*s + x = 0. Is s composite?
False
Let y be (-6)/4*-1 + (-61)/(-122). Let n(a) = -a**3 + a - 1. Let p be n(-2). Suppose -1141 = -3*z + y*c, -6*z + 1533 = -2*z - p*c. Is z a prime number?
False
Let y(u) = -u**3 + 3*u**2 + 7*u - 8. Let b be y(4). Suppose 13560 = 2*n + 2*o, 2*n - o - 13553 = b*o. Is n a prime number?
True
Let z(s) = 11*s**3 - 15*s**2 + 6*s - 57. Is z(9) composite?
True
Let l(z) = -9*z - 14. Let d be l(-2). Suppose d*w - 86 = -70. Suppose -5008 = w*o - 37260. Is o prime?
False
Let b(s) = -s**3 + 6*s**2 - 9*s - 5. Let t(y) = -y**3 + 6*y**2 - 8*y - 6. Let h(d) = 5*b(d) - 6*t(d). Let k be h(5). Is k/(-4) + 18347/28 a prime number?
False
Let k(w) = -8*w**3 - 10*w**2 - 20*w + 4. Let x(r) = 4*r**3 + 5*r**2 + 10*r - 2. Let t(f) = -2*k(f) - 5*x(f). Let i be (11 - 1)/(-19 + 17). Is t(i) composite?
True
Suppose 2342 - 522 = -7*r. Let k be (53/2)/(1/(-14)). Let j = r - k. Is j prime?
False
Let n be (2/6)/(8/72). Suppose 0*t = -n*t + y + 1550, 1010 = 2*t + 4*y. Suppose -t = 2*u - 3429. Is u prime?
False
Let t be 6/(-12) + (-22)/(-4). Let w = -384 - -1002. Suppose -w = -t*j + 567. Is j a prime number?
False
Let p be -3*82/3*2/(-4). Suppose -5*t = -p - 329. Is t a prime number?
False
Let i = -11 - -13. Let v(c) = 18 - i*c + 7*c + 2*c + 6*c**2 + 8. Is v(-9) a composite number?
False
Let d be (4/(-3))/(20/(-60)). Is (-2 + d)*1 - 76670/(-10) a prime number?
True
Let p be 205/50 + 2/(-20). Is p/(-3) - 1*40328/(-24) composite?
True
Let n(f) = -184*f + 507. Is n(-47) composite?
True
Let w(y) = 200*y - 18. Let p(u) = 399*u - 35. Let s(c) = 6*p(c) - 13*w(c). Let n(j) = -206*j + 25. Let d(a) = -3*n(a) + 2*s(a). Is d(13) prime?
False
Let p(t) = t**2 - 8*t + 20. Let f be p(8). Let n = 26 - f. Suppose -677 = -n*m + 1237. Is m a prime number?
False
Let b(n) = -4395*n**3 - n**2 + n - 2. Let u(t) = -4394*t**3 - 1. Let d(i) = 2*b(i) - 3*u(i). Is d(1) composite?
False
Suppose 0 = 7*p - 4293 - 8468. Is p composite?
False
Suppose -14*n + 674 + 71384 = 0. Is n composite?
False
Let c = -40 + 42. Suppose -2*l - c*d = -26194, -d - 26491 = -3*l + 12804. Is 1 - 0 - 4*l/(-12) a composite number?
T